6.
6
Let r = -49 + 61. What is the greatest common factor of r and 18?
6
Let s(m) = 3*m - 5. Let r be s(3). Let x(a) = a**2 + a + 2. Let d be x(0). Calculate the highest common factor of d and r.
2
Let v(s) = -2*s - 4. Let m be v(-3). Suppose 25 = m*c + 3*d, c + 3*c - d = 43. What is the greatest common factor of 22 and c?
11
Let g = 218 - 82. What is the highest common divisor of g and 17?
17
Let a be 4/14 + 262/14. What is the greatest common divisor of 95 and a?
19
Suppose 3*r + 3*i - 22 = i, -3*r = 3*i - 27. Suppose r*x = 16 + 16. Suppose 5*o - x = -h + 40, -h + 8 = o. What is the greatest common factor of o and 5?
5
Let u be (-3 + 0 + 6)*48. Suppose -18 = -2*o - o. Suppose -c + o = 2*c, 5*c = -4*m + 82. Calculate the greatest common divisor of m and u.
18
Let y be -2 + (-4 - (2 - 20)). What is the greatest common divisor of y and 8?
4
Suppose -2*u = u - 9. Suppose -u*l + q = -4*q - 23, 0 = -5*l - q + 85. What is the highest common factor of l and 128?
16
Suppose -9*i + 143 = -865. Suppose 4*f + g + 31 = 6*f, 2*f = -3*g + 35. Calculate the greatest common divisor of f and i.
16
Let g be 0 + (-1)/(-1 + 2). Let k be -2 - (5*-5 - g). What is the highest common factor of k and 55?
11
Let x = -6 + 17. Let p be 11/(3 - 0 - 2). What is the highest common divisor of x and p?
11
Let o be (-4)/(-26) + ((-830)/(-13) - 4). What is the greatest common factor of o and 40?
20
Suppose -5*r - 23 = -m - r, 4*m - 2*r - 22 = 0. Suppose -m*j - 56 = -7*j. What is the highest common divisor of 42 and j?
14
Let h be 0 + 2 - -20 - -2. Let j be (-1)/2*6/(-1). Calculate the greatest common factor of h and j.
3
Suppose 0*d = d - 85. Let j(t) = 21*t - 12*t + 1 - 3. Let c be j(4). What is the greatest common factor of c and d?
17
Suppose 12 - 4 = 4*q - 3*c, 3*c - 32 = -4*q. Suppose q*w = 2*w + 36. What is the highest common factor of 6 and w?
6
Let j be 394/8 + (-1)/4. Suppose 8 = l - 5*l, 3*s - 4*l = 29. What is the highest common factor of j and s?
7
Suppose 4*w + 36 = 2*w. Let n be 4/(-18) - 328/w. Calculate the highest common factor of 45 and n.
9
Let s(a) = -a**2 - 8. Let q be s(-5). Let n = 113 + q. What is the greatest common divisor of 16 and n?
16
Let v be (-255)/(-10) - (-1)/2. Let y = -243 - -166. Let p = -12 - y. Calculate the greatest common factor of p and v.
13
Let i = -71 + 109. What is the greatest common divisor of 57 and i?
19
Let y(u) = u - 1. Let j(a) = -14*a - 9. Let f(d) = j(d) - 5*y(d). Let l be f(-5). Calculate the greatest common factor of l and 13.
13
Let i(m) = m**3 - 4*m**2 + 2*m + 4. Let d be i(3). Let a be -2 + (0 + 1)*14. Suppose -a = -2*p - 2*p. Calculate the greatest common divisor of p and d.
1
Let g be (-4)/(1/5*2). Let a = 25 - g. Suppose -2*v - 46 = -60. Calculate the highest common divisor of a and v.
7
Let i be (11/(-2))/(1/(-2)). Suppose z + 157 = 3*z + t, -z = -t - 74. Calculate the greatest common divisor of i and z.
11
Suppose 0 = 4*x - 8. Let u(k) = k**x + 2*k + 2 - 2*k + 9*k. Let f be u(-9). What is the greatest common factor of 4 and f?
2
Let a be -3*(-11 - 2) - -1. What is the greatest common factor of 10 and a?
10
Let w be 3/(1*6/436). Suppose -2*k + w = 38. Calculate the greatest common factor of 18 and k.
18
Let l be 1*3/6*10. What is the highest common divisor of 45 and l?
5
Let w = -46 - -79. Suppose -3*n = 3*c - 15, 4*n - 2*n + 5*c = 25. Suppose -9 = -n*u - 3*u. Calculate the highest common factor of u and w.
3
Suppose 5*r - 13 - 52 = -x, 75 = 5*r + 3*x. What is the greatest common divisor of r and 60?
12
Let h = 27 - 15. Suppose -54 = -2*a + 8. Let o = a + -19. Calculate the highest common divisor of o and h.
12
Suppose -24 = -2*m + 4*y, 0 = -4*m + 4*y - 0*y + 32. Suppose -2*o + 13 = 3*a, a - m*o + 23 - 4 = 0. What is the highest common factor of a and 1?
1
Let f(r) = r - 10. Let j be f(12). Suppose s = j*s - 34. Calculate the greatest common factor of s and 85.
17
Suppose 2*r = -2, -53 = -2*y + 6*r - r. Calculate the highest common divisor of y and 60.
12
Suppose 2*z - 8 = 0, 0*z - 28 = -4*o + 3*z. Calculate the greatest common factor of o and 30.
10
Suppose -q + 9 = -27. Suppose -5*n + 6*n + x = 8, -2*x = -3*n + 29. Calculate the highest common factor of n and q.
9
Let j(m) = -m**2 - 9*m + 23. Let v be j(-10). Calculate the highest common divisor of 104 and v.
13
Let n(q) = q - 28. Let f be n(0). Let g = f - -54. Calculate the highest common divisor of g and 65.
13
Suppose 3*a + 3*m = 15, -4*a + 2*m + 2 = -0*a. Calculate the highest common divisor of a and 7.
1
Let b be (-1)/(3/63*-3). Let o be 1/2*(-28)/(-2). What is the highest common divisor of o and b?
7
Let a be (-312)/(-54) + (-2)/(-9). Let c(u) = -u. Let h be c(2). Let o be (-134)/h - (-3 - -4). Calculate the highest common factor of a and o.
6
Suppose 4*z - 3*z = 130. Calculate the highest common factor of 52 and z.
26
Suppose -6*k + 144 = -2*k. Calculate the highest common factor of 12 and k.
12
Suppose 6 = -4*f + 2*f. Let o = f - -11. Let m be (-13)/(-3) + 2/(-6). What is the highest common factor of o and m?
4
Let m(t) = 4*t**2 - 5*t - 24. Let v be m(-3). Calculate the greatest common divisor of v and 216.
27
Let p = 345 + -228. What is the greatest common factor of 78 and p?
39
Let c be 2/(-1)*19*1. Let m be (-2)/4 + c/4. Let r = -4 - m. What is the highest common divisor of r and 4?
2
Let h(o) = -39*o - 1. Let y be h(1). Let s = 64 + y. What is the greatest common divisor of s and 6?
6
Suppose -2*u - t - t = -180, 3*u - 265 = -4*t. What is the greatest common divisor of 19 and u?
19
Suppose 4*a - 36 = x, 0*a + a + 2*x = 0. Let i = -67 - -68. What is the highest common factor of i and a?
1
Let p = 11 + -6. Let f be 5*(9/p)/(-3). Let t be (-31)/f - (-6)/9. What is the highest common divisor of 22 and t?
11
Let j be ((-10)/(-8))/((-4)/(-16)). Suppose -j*c - 622 = -2022. Let w be c/45 - 4/18. Calculate the highest common divisor of w and 66.
6
Suppose -1 = 2*l - 5*p, -4*l + 7 + 3 = 2*p. Let y be l + 0 + 2 + -1. Let u be 32 - -3 - 1*2. Calculate the highest common factor of u and y.
3
Let u = 1 + 1. Calculate the highest common divisor of u and 2.
2
Suppose -4*g - x = -6*x - 230, 0 = 2*g - 5*x - 110. Calculate the greatest common factor of 15 and g.
15
Suppose 4*u + 8 = 4*w, -3*w - 4*u + 11 = -2. Calculate the greatest common factor of w and 15.
3
Let f = -29 - -35. Calculate the highest common factor of f and 54.
6
Let v(a) = -2*a - 6. Let h be v(-5). Suppose t = -h*t + 15. Suppose 4*m + 6*c = 3*c + 29, 3*c = t*m - 48. Calculate the highest common divisor of 77 and m.
11
Let o = 4 + 7. Let b be (-8 + 4 + 5)*11. What is the highest common factor of b and o?
11
Suppose -312 = -15*x + 273. Let a(f) = -2*f**2 + 3*f + 5. Let o be a(4). Let t = o + x. Calculate the greatest common divisor of 3 and t.
3
Suppose 0 = -2*a + 7*a. Suppose -c = 4*l - 0*c - 12, -32 = -4*l + 4*c. Suppose -l*g + 4 + 56 = a. Calculate the highest common factor of 15 and g.
15
Let v(k) = 24*k**2 + 9*k - 33. Let o be v(4). Calculate the highest common factor of o and 43.
43
Suppose -2*q = 3*f - 10 - 0, -5*q = 4*f - 11. Calculate the greatest common factor of f and 28.
4
Let n = -4 - -14. Suppose -4*f = -3*f. Suppose -5*a + 94 + 306 = f. Calculate the greatest common factor of a and n.
10
Let t = -7 + 9. Suppose t*d = -0*d + 8. Suppose -f = -4*n + 101 + 14, 4*f + 124 = 4*n. What is the greatest common factor of d and n?
4
Let j be 62/(-6) + (-2)/3. Let m = -35 - j. Let l be 2/3*m/(-2). What is the greatest common factor of l and 72?
8
Suppose -4*n + 102 = -74. Calculate the highest common factor of n and 8.
4
Let x = 663 - 463. Let g be (-2)/(-10) + (-124)/(-5). Calculate the highest common divisor of g and x.
25
Let g(t) = -t**2 - 19*t - 6. Let j be g(-8). Suppose u + 0*o = 3*o + j, 5*u = -2*o + 427. What is the highest common divisor of u and 34?
17
Let c be 32 - (0*(-2)/6 + -1). Suppose 0*w = w - 11. What is the greatest common divisor of w and c?
11
Suppose -4*c - 2*x = -20, -3*c + 3*x = -6 - 0. Suppose -2*s = -4*b - 12, c*b = -s + 2*s + 4. What is the highest common divisor of 112 and s?
16
Suppose -554 = -3*p - 125. Calculate the highest common factor of 13 and p.
13
Suppose b = -5*o + 109, 3*o = -0*b + b + 67. Let j(t) = -12*t + 19*t + 9*t - 9. Let w be j(4). What is the greate